se -10*m + 510 = -0*m. Suppose 0 = -3*v - 3 + 15. What is the remainder when m is divided by 4 - (12/v + -17)?
15
Suppose -h + 2*j + 54 = 0, 160 + 66 = 4*h - 3*j. Calculate the remainder when ((1896/30)/((-50)/(-250)))/(-1 - -3) is divided by h.
42
Let l(p) = -p**2 - 58*p + 469. What is the remainder when 266 is divided by l(-64)?
11
Let k = -4201 + 4287. What is the remainder when 353 is divided by k?
9
Let y = 45 - 45. Suppose y = -4*o + 1457 - 385. Suppose 4*v - 84 = o. Calculate the remainder when v is divided by 13.
10
Let z = 10392 + -10371. Calculate the remainder when 4618 is divided by z.
19
Suppose -7*j + 8*j - 242 = -5*w, -2*j + 4*w + 540 = 0. Suppose -3*d = -5*a - 188, 5*d - j = d + a. Calculate the remainder when d is divided by 23.
20
Let v = 625 + -214. Suppose -39*r - v = -1308. What is the remainder when r is divided by (1*-6)/3 + 8?
5
Let b = -52 - -127. What is the remainder when 6599 is divided by b?
74
Let d = -11917 + 11999. Calculate the remainder when 488 is divided by d.
78
Calculate the remainder when (74 + -76)/((-3)/21 - 970/(-6986)) is divided by 56.
51
Suppose 0 = 128*b - 123*b - 35. Let m = 66 - -175. Suppose 4*o = -0*d + d + m, -3*d - 303 = -5*o. What is the remainder when o is divided by b?
4
Suppose -19*k = -26*k + 945. What is the remainder when 159 is divided by 1 + k/6 + (-9)/18?
21
Let q(v) = 3*v**3 - 3*v**2 + 4*v + 2. Let z be ((-60)/(-14))/(14/(-98)). Let n = 44 + z. Calculate the remainder when q(3) is divided by n.
12
Let p = -2248 - -2346. Calculate the remainder when 1468 is divided by p.
96
Suppose -11 = -2*h + 57. Suppose 5*z - 380 = -g, g = 36*z - h*z - 152. What is the remainder when z is divided by 15?
1
Let v(q) = -q**2 - 8*q - 2. Suppose -28736*y = -28708*y - 280. What is the remainder when v(-5) is divided by y?
3
Let k be (-1 + (-2)/(-5))/((-8)/(-40)). Let c be (-35 - k) + -1 + -2. What is the remainder when 21 is divided by (-14)/c*(11 - (2 - 1))?
1
Let a(k) = k**3 - 10*k**2 + 25*k + 2. Let v be a(5). Suppose v*f = y + 19, 2*y + 42 - 12 = 3*f. What is the remainder when 80 is divided by f?
0
Suppose -f - 9 = -2*f + 3*u, 2*u = 4*f - 96. Suppose 3*b - 120 = 5*c, 2*b = -b + 15. Calculate the remainder when ((-35)/c)/(1/63) is divided by f.
24
Suppose 6*v - v + 385 = 0. Let l = 80 + v. Suppose -289 = -5*x - 3*a, l*x + 0*a - 173 = -2*a. Calculate the remainder when x is divided by 9.
5
Let c = 7 - -1. Calculate the remainder when 8/30 + 46*326411/42090 is divided by c.
5
Suppose 0 = -3*a - 4*v + 37, -31*v + 30*v = -5*a + 54. Suppose 0 = a*r - 465 + 47. What is the remainder when r is divided by 3?
2
Let r(u) = 19*u**3 - u**2 - u + 2. Let x(s) = -s**3 + 13*s**2 + 2*s - 19. Let o be (-2)/(-4) - 200/(-16). What is the remainder when r(1) is divided by x(o)?
5
Suppose -q - 2*u = -181, -2*q - 2*u + 25 = -331. What is the remainder when 1559 is divided by q?
159
Let s(o) = -2*o**3 - 20*o**2 - 71*o - 22. Calculate the remainder when s(-15) is divided by 18.
17
Let x = -3451 + 9050. What is the remainder when x is divided by 100?
99
Let d(s) = 14*s**2 + s - 4. Suppose 163 = 4*u + 91. What is the remainder when d(-2) is divided by u?
14
Let w = 28652 - 28578. What is the remainder when 1654 is divided by w?
26
Suppose 0 = -0*h + 3*h - 45. Let b = 63631 - 63455. Calculate the remainder when b is divided by h.
11
Suppose 6 = -3*v - 3, -2*d - 2*v - 4 = 0. Let k(i) = i**2 + 6*i. Calculate the remainder when 4*(d/2 - 630/(-24)) is divided by k(-9).
26
Suppose -m + 71 = 4*n, -4*m - 2986*n = -2988*n - 446. What is the remainder when 38304 is divided by m?
105
Let u(t) be the third derivative of 11*t**5/30 - 5*t**4/24 + t**3/3 - 172*t**2. What is the remainder when 62 is divided by u(1)?
5
Let z(k) = 1928*k - 5027. Calculate the remainder when z(3) is divided by 8.
5
Suppose -3*d - 4 = b - 21, 0 = -4*d + 5*b + 29. Calculate the remainder when d/(-10)*(-56 + -19) is divided by 17.
11
Let w = -928 + 7891. Calculate the remainder when -2*(w/6)/(-11) is divided by 54.
49
Let j be (-3)/6*2 + 146 + 0. Let b = 228 - j. Calculate the remainder when b is divided by 43.
40
Let w = -15 - -23. Suppose -7 + 19 = 2*f. Suppose 6*b - 30 = -f. What is the remainder when w is divided by b?
0
Suppose 0 = 3*j + 101 - 287. Suppose -5*k = -28 - j. Calculate the remainder when (-2)/7 + -3*(-785)/35 is divided by k.
13
Let n(q) be the first derivative of 14 - 10/3*q**3 + 14*q - 1/2*q**2 + 1/4*q**4. What is the remainder when 13 is divided by n(10)?
1
What is the remainder when (9/2)/3*346 is divided by (-57694)/1585*(-45)/63?
25
Suppose 5*p + 136 = 156. Suppose -p*h + 5*v + 401 = 0, 5*h = -9*v + 13*v + 490. What is the remainder when h is divided by 53?
41
Let r = 4260 - 4235. Calculate the remainder when 5674 is divided by r.
24
What is the remainder when 2164 is divided by 35/((-77)/11) - -43?
36
Let m = 5756 + -5727. What is the remainder when 237 is divided by m?
5
Let o = -721150 - -721175. Let v = 10 - 6. Calculate the remainder when o is divided by v.
1
Suppose t = -4*o + 23, -3*t + 6*t = -3*o + 24. What is the remainder when (1 - t) + 126 + -3 is divided by 62?
59
Suppose -93 = -a + c + 57, -4*a - 2*c = -570. Let y(d) = -d**3 + 6*d**2 - 2*d + 33. What is the remainder when a is divided by y(6)?
19
Suppose 118 = 3*u - 3*n - 860, -2*u = n - 640. What is the remainder when u is divided by 56?
42
Let r = 238 - 236. Suppose y - 36 = -0*y. Suppose 27 = -2*d + 5*d + 3*w, -4*d + r*w + y = 0. What is the remainder when 25 is divided by d?
7
Let y be (-16015)/45 + 2/(-18). Let w = y + 598. Let u = w - 173. Calculate the remainder when u is divided by 12.
9
Let k = -6 + 11. Let r(f) = -f**2 + 9*f - 28. Let t be r(k). Let u = 9 - t. Calculate the remainder when 65 is divided by u.
14
Let k(a) be the second derivative of a**5/20 - a**4/2 - 3*a**3/2 + 29*a**2 + 105*a. What is the remainder when 279 is divided by k(7)?
15
Suppose 0 = 2*q - 5*y - 99, 3*q + 2058*y - 151 = 2063*y. Calculate the remainder when 3685 is divided by q.
45
Suppose j = -5*i + 76, 216 = 3*j + 4*i + 10. Suppose -117 = 23*g - 554. What is the remainder when j is divided by g?
9
Let z = 47 - 714. Let u = -376 - z. What is the remainder when u is divided by 74?
69
Let q(i) = -7*i + 30. Let m be q(-16). Let c = m - 103. What is the remainder when c is divided by 11?
6
Suppose f - y = 14, 5*f - 2*y + 6*y = 61. What is the remainder when 50 is divided by 1 - -17 - (-8 + f)?
11
Suppose -2*x + 170550 = 16*x. What is the remainder when x is divided by 92?
91
Let y = 5 + 4. Suppose -43*u = -42*u - 7. Suppose -13 = -5*p + u. What is the remainder when y is divided by p?
1
Suppose 0 = 288*m - 296*m + 3384. Let y = -295 + m. Calculate the remainder when y is divided by 12.
8
What is the remainder when (-1 - 0)*-1*132 is divided by 9 + 14 + -17 + 24 + -7?
17
Let y(u) = 29*u**3 - 2*u**2 + u - 1. Suppose 3*d - 274 = h - 56, -5*d + 366 = -2*h. What is the remainder when y(3) is divided by d?
67
Let q = 1292923 - 1292916. Let o = -166 - -394. Calculate the remainder when o is divided by q.
4
Let k = 2656 + -2183. What is the remainder when k is divided by 37?
29
Let a = -538 + 542. Suppose -3*c + 38 = p - 5, 16 = -a*c. Calculate the remainder when 106 is divided by p.
51
Let r = 15 - 11. Let x be ((-7)/3)/((-47)/987). Suppose 0 = t - 4*a - x, -4*a = t + 2*t - 83. Calculate the remainder when t is divided by r.
1
Suppose -35*z = 36 + 104. What is the remainder when (-1)/(z/(-61))*(2 + -10) is divided by 18?
14
Let m = -65 + 65. Suppose -8*q + 78 = -4*q - k, q - 3*k - 25 = m. Calculate the remainder when 36 is divided by q.
17
Suppose 49 = 2*j - y, y = 5*y + 20. Let d(i) = i**3 + i**2 + 148. Let q be d(0). Let c = q + -106. Calculate the remainder when c is divided by j.
20
Suppose 0 = -2*w + 252 + 146. What is the remainder when w is divided by 54/(-432) - (-1203)/72*(-1 - -4)?
49
Suppose -y + 2 + 1 = 2*d, 4 = d - 2*y. Suppose d*q = 41 + 5. Calculate the remainder when q + (0 + 2 - 2) is divided by 8.
7
Let f(y) = 11*y - 93. Let m be f(9). Suppose -i + 129 = 3*c, -m*i + 12 = -2*i. Calculate the remainder when c is divided by 19.
4
Let l(p) = -2*p + p + 1 + 3*p - 3*p. Suppose 0 = -2*u + 2*y + 10, 4*u + 21*y = 24*y + 25. What is the remainder when l(-10) is divided by u?
1
Suppose -4*s 